 4 = -2*g + 5*g - 5*t, -g + t - 2 = 0. List the prime factors of h(g).
17
Suppose 97 = 5*b - y - 70, -5*b + 171 = -3*y. What are the prime factors of b?
3, 11
Let h = -18 + 31. List the prime factors of h.
13
Suppose -2*j - 788 = -5*r + 2*j, 4*r - 625 = 5*j. Suppose 0*m - r = -5*m. What are the prime factors of m?
2
Suppose -2*p + 12 - 4 = 0. Suppose -p = 4*b - 16. What are the prime factors of b?
3
Let b(u) = 3*u + 1. Let a be ((-5)/(-3))/5*6. What are the prime factors of b(a)?
7
Let q(m) = -2*m - 4. Let w be q(-3). Suppose -r = -w*r. Suppose 4*i + 0*i - 48 = r. List the prime factors of i.
2, 3
Suppose b = -2*s - 4*b + 14, -22 = -s + 5*b. Suppose 2*g - 5 - 7 = -4*k, 0 = 3*g + 4*k - s. Suppose 4*t - 5*t + 8 = g. List the prime factors of t.
2
Let x(d) = 5*d - 1. Let y be ((-1)/1)/(8/(-48)). List the prime factors of x(y).
29
Let b(p) be the third derivative of -2*p**6/15 + p**5/60 + p**4/24 - p**2. Let o = -71 + 70. What are the prime factors of b(o)?
2
Suppose -z - 4 + 82 = 2*k, 4*k - 132 = 4*z. What are the prime factors of k?
37
Let y(m) = 3*m**2 + m. Let c = -1 + 2. Let a be y(c). Suppose 3*x - 33 = 2*r, a*x + 0*r - 55 = -r. What are the prime factors of x?
13
Let g(t) = -t**3 + 4*t**2 - 4*t + 2. Let j be g(2). Suppose -j = -4*v + 6. List the prime factors of v.
2
Suppose -270 = -2*w + 3*p, -2*w = -2*p - 106 - 162. What are the prime factors of w?
2, 3, 11
Suppose -6 = -a + 8. List the prime factors of a.
2, 7
Let u(s) = -s. Let v be 4/(-2) - 8/(-2). Suppose 2*m = -3*h - v, -h + 5*m = -6 + 35. List the prime factors of u(h).
2
Let h(u) = -u**2 - 8*u + 10. Let n be h(-7). Let q = 26 - n. List the prime factors of q.
3
Suppose -5 = -3*l + 10. Suppose l*c - 89 + 14 = 0. List the prime factors of c.
3, 5
Let y(o) = -5*o**2 - 3*o + o**3 + 0*o - 4 - 2. What are the prime factors of y(6)?
2, 3
Let f(i) = 5*i - 1 - 3*i + 2 + 1. What are the prime factors of f(3)?
2
List the prime factors of 2/9 + (-17115)/(-135).
127
Suppose 0 = 3*n - 5*n + 24. Suppose 2*x - 20 = -2*u - 0*x, 3*u - 3*x = n. Suppose 3*r - u*r = 5*m - 24, -3 = -m + r. List the prime factors of m.
2
Let w(q) be the third derivative of 2/15*q**5 + 0 - q**2 - 11/6*q**3 - 1/12*q**4 + 0*q + 1/120*q**6. What are the prime factors of w(-8)?
5
Let u = -5 + 17. Suppose 2*a - 5*y + 44 = -a, 5*a + 4*y = -98. What are the prime factors of (-1 - 20)*u/a?
2, 7
Let z(k) = k**3 + 5*k**2 + 2*k - 3. Suppose -4*i + 22 - 2 = 0. Suppose -3*o + r = -0*r + 11, -5*o - 25 = -i*r. List the prime factors of z(o).
3
Suppose -q + 117 = 27. What are the prime factors of q?
2, 3, 5
List the prime factors of -2 - (-11)/(-3*3/(-63)).
3, 5
Let s = 24 - -26. List the prime factors of s.
2, 5
Let d = 11 - 7. Let g = -7 + d. What are the prime factors of g*1/3*-2?
2
Let k = 2 + -7. Let o = k + 8. List the prime factors of 1 - 0 - (1 - o).
3
List the prime factors of (-2)/(-2) + 1 - -124.
2, 3, 7
Let t(d) = -d**3 - d**2 + 3*d + 3. Let w be t(-2). Let v = w + 2. Suppose v*l - 4*u - 29 = -2*u, 0 = l - 4*u - 13. What are the prime factors of l?
3
Suppose u - 224 = 5*f, 0 = -2*u + 7*f - 8*f + 459. List the prime factors of u.
229
Let p(z) be the third derivative of z**4/12 + z**3/6 - 2*z**2. Suppose 5 = 3*y - 10. What are the prime factors of p(y)?
11
Suppose 0 = c - 4*s - 48, 5*c + 5*s + 36 = 176. What are the prime factors of c?
2
Let n(g) = g**2 - 1. Let p be n(0). Let y = 90 + -73. Let j = y - p. What are the prime factors of j?
2, 3
Let z = 19 - 9. Suppose 3*f = 85 - z. List the prime factors of f.
5
Let x(l) = l**3 + 7*l**2 + l + 9. Let u be x(-7). Suppose -4*m + 3*v = -73, m + 21 = u*m + 2*v. What are the prime factors of m?
19
Let x = -11 + 16. Suppose x*n = 5*w - 90, -5*w - 4*n + 32 = -w. Suppose 5*h = 4*i - 41, -w = -i - i + 5*h. List the prime factors of i.
2, 7
Suppose 0*b - 1 = -b. Let p be 15/(-25) - 13/(-5). List the prime factors of p*(1/2 + b).
3
List the prime factors of (-3 - -2)*-3 - -9.
2, 3
Let s = 2 + 14. List the prime factors of s.
2
Suppose 5*f - 3*z = 297, -2*z - 179 = -f - 2*f. List the prime factors of f.
3, 19
Let n(z) = 4*z. What are the prime factors of n(9)?
2, 3
Let r(k) = -k + 4. List the prime factors of r(-20).
2, 3
Suppose 5*f - 120 = 2*f. List the prime factors of f.
2, 5
Suppose -3*a - 5 = -14. List the prime factors of a.
3
Suppose 2*b - 5*a + 28 = 0, -b = 2*b - 2*a + 20. Suppose 3*k - o = -1, 0*k = -2*k + 2*o + 2. Let d = k - b. List the prime factors of d.
3
Let u = -165 + 245. List the prime factors of u.
2, 5
Let p(l) = l - 1. Let h be p(-1). Suppose 0 = -3*u - 17 - 1. What are the prime factors of (h/u)/(2/42)?
7
Let u(i) = i**2 - 6*i. Let g be u(6). Suppose 3*s - 34 + 13 = g. What are the prime factors of s?
7
Let g be (-102)/(-27) - (-2)/9. Suppose o + 1 = -0*o, 10 = g*b + 2*o. List the prime factors of b.
3
Let r be (-5)/(-10) - 6/(-4). Let g(l) = l. Let c(f) = -1. Let p(a) = r*g(a) + c(a). What are the prime factors of p(4)?
7
Suppose 0 = 5*f + 2*j - 14, -5*f - 3*j + 10 = -3*f. Suppose -5*r + 43 = 3. Suppose 0 = -f*g + r. What are the prime factors of g?
2
Suppose -5*y = 8*a - 3*a - 10, 0 = y + 4. Suppose 96 = a*k - 3*k. Suppose 0 = -5*o + v - 4*v + k, -2*o = 3*v - 20. What are the prime factors of o?
2
Suppose -n - o = -184, 1 + 1 = -o. List the prime factors of n.
2, 3, 31
Let h(i) = 9*i**3 + 2*i**2 - i. Suppose j + 10 = 2*b, -8 = 3*b - 2*j - 24. Suppose 2*y + 3 = 3*u, b*u = u + 3*y + 3. What are the prime factors of h(u)?
2, 5
Suppose 4*i - 973 - 111 = 0. What are the prime factors of i?
271
Suppose -7 = -4*x + 5. Suppose -3*u + 15 + x = 0. What are the prime factors of (2 + 1)/(2/u)?
3
Suppose -3*b - 2*b + 2*k = -67, b = -k + 19. What are the prime factors of b?
3, 5
Let c(t) = -t**2 - 10*t + 0*t - 7 + t. What are the prime factors of c(-6)?
11
Suppose 12*f - 312 = 9*f. List the prime factors of f.
2, 13
Suppose 0*v - 1324 = -4*v. What are the prime factors of v?
331
Suppose -5*j = -2*j - 6. List the prime factors of (j - 1) + -1 + 10.
2, 5
Let j(s) = -3*s**2 + 59 - 4*s + 4*s**2 - 70 - 2*s. What are the prime factors of j(10)?
29
Let s be (1 + (-3)/(-3))/(-2). List the prime factors of (0 + (-6)/3)*s.
2
Let k = 0 + 1. Let m be ((-6)/5)/(k/(-5)). Suppose p + 2 = m. What are the prime factors of p?
2
Let w(b) = 5 - b + b**3 - b**2 - 5*b**2 + 2*b**2. Let a be w(4). Suppose z - a = 2. List the prime factors of z.
3
Suppose -3*v + 12 = -3. Suppose -11 = v*z - 51. Suppose -z = -4*q, q + 32 = 3*x - 4*q. What are the prime factors of x?
2, 7
Suppose 0 = -p + 3*d + 18, 5*p - 76 = 2*d - 12. Suppose -3*s + 1 = -j - 0*s, -4*s = -3*j + p. What are the prime factors of j?
2
Let n(y) = -8*y + 22. What are the prime factors of n(-30)?
2, 131
Let w = -34 - -21. Suppose 5*o + f + 7 = 3*f, 0 = -o - 3*f - 15. Let r = o - w. What are the prime factors of r?
2, 5
Suppose 0*w - 3*r - 71 = -w, 0 = 2*r. What are the prime factors of w?
71
Suppose 3 + 17 = 4*y. Suppose -y*t - 3 = -2*t. What are the prime factors of 1/((2 + t)/8)?
2
Suppose -2*l + 90 = 3*h, -3*l + 61 = 2*h + 1. Let g = h + -19. List the prime factors of g.
11
Let n(l) be the second derivative of -l**4/12 + 5*l**3/6 + l**2/2 + 3*l. What are the prime factors of n(4)?
5
Suppose -2 = -5*l + 3*l. Let y be 2/(l/2*-2). Let p = 9 - y. What are the prime factors of p?
11
Let u = -120 - -173. Let p = -31 + u. What are the prime factors of p?
2, 11
Let n(h) = 2*h**2 - 3*h + 4. Let y be n(4). Suppose -4*q + q = -y. List the prime factors of q.
2
Suppose 5*p + 4*w - 40 = 0, 0 = -0*p + p + 3*w - 19. Let j be (-154)/(-6) + p/(-6). Let a = j + -13. List the prime factors of a.
2, 3
Let h(l) = -l**3 - 9*l**2 - 9*l + 4. Let g be (-1)/3 - 46/6. List the prime factors of h(g).
2, 3
Let q be (-4)/(6/3 + 0). List the prime factors of q - (-11 - 6/3).
11
Let m be -3 + 6 - (0 - -3). Let j(y) = y**2 + y + 14. What are the prime factors of j(m)?
2, 7
Let a be 6/27 + 100/36. What are the prime factors of a/(-2 - 87/(-39))?
13
Let p(d) = 0 + 4 - 4*d**3 + d**3 + 4*d**3 + 11*d + 9*d**2. What are the prime factors of p(-7)?
5
Let y be (-26)/91 + 754/(-7). List the prime factors of -3 - (-3 + y/4).
3
Let m(a) = a**2 + 8*a + 18. What are the prime factors of m(-6)?
2, 3
List the prime factors of 5*5/5*37.
5, 37
Let n(x) = -42*x**3 + x**2 - x - 2. List the 